{"id":975,"date":"2016-11-18T17:06:11","date_gmt":"2016-11-18T17:06:11","guid":{"rendered":"http:\/\/localhost\/senior_care_wp\/?page_id=975"},"modified":"2025-11-11T23:36:45","modified_gmt":"2025-11-11T20:36:45","slug":"iletisim","status":"publish","type":"page","link":"https:\/\/www.istanbulkombicisi.com\/basaksehir\/iletisim\/","title":{"rendered":"ileti\u015fim"},"content":{"rendered":"<div class=\"wpb-content-wrapper\">[vc_row sharai_khana_custom_class=&#8221;section-content-block&#8221; wiz_custom_class=&#8221;section-content-block&#8221;][vc_column][vc_row_inner][vc_column_inner width=&#8221;1\/2&#8243;]<div class=\"row section-heading-wrapper\">\n                            <div class=\"col-md-12 col-sm-12 text-left\">\n                                <h2 class=\"section-heading heading-alt-style\" >Bize Mesaj B\u0131rak\u0131n\u0131z<span class=\"heading-separator-inline after_text heading-separator  heading-separator-horizontal\"><\/span><\/h2>\n                                \n                                <h4 class=\"section-subheading subheading-alt-style\">M\u00fc\u015fterilerimize ve potansiyel m\u00fc\u015fterilerimize destek olmak i\u00e7in harika ve duyarl\u0131 bir ekibimiz var.<\/h4>\n                            <\/div>\n                        <\/div>\n<div class=\"wpcf7 no-js\" id=\"wpcf7-f5-o1\" lang=\"tr-TR\" dir=\"ltr\" data-wpcf7-id=\"5\">\n<div class=\"screen-reader-response\"><p role=\"status\" aria-live=\"polite\" aria-atomic=\"true\"><\/p> <ul><\/ul><\/div>\n<form action=\"\/basaksehir\/wp-json\/wp\/v2\/pages\/975#wpcf7-f5-o1\" method=\"post\" class=\"wpcf7-form init sharai-khana-contact-form\" aria-label=\"\u0130leti\u015fim Formu\" novalidate=\"novalidate\" data-status=\"init\">\n<fieldset class=\"hidden-fields-container\"><input type=\"hidden\" name=\"_wpcf7\" value=\"5\" \/><input type=\"hidden\" name=\"_wpcf7_version\" value=\"6.1.5\" \/><input type=\"hidden\" name=\"_wpcf7_locale\" value=\"tr_TR\" \/><input type=\"hidden\" name=\"_wpcf7_unit_tag\" value=\"wpcf7-f5-o1\" \/><input type=\"hidden\" name=\"_wpcf7_container_post\" value=\"0\" \/><input type=\"hidden\" name=\"_wpcf7_posted_data_hash\" value=\"\" \/>\n<\/fieldset>\n<p><label> Ad\u0131n\u0131z<br \/>\n<span class=\"wpcf7-form-control-wrap\" data-name=\"your-name\"><input size=\"40\" maxlength=\"400\" class=\"wpcf7-form-control wpcf7-text wpcf7-validates-as-required\" autocomplete=\"name\" aria-required=\"true\" aria-invalid=\"false\" value=\"\" type=\"text\" name=\"your-name\" \/><\/span> <\/label>\n<\/p>\n<p><label> e-mail<br \/>\n<span class=\"wpcf7-form-control-wrap\" data-name=\"your-email\"><input size=\"40\" maxlength=\"400\" class=\"wpcf7-form-control wpcf7-email wpcf7-validates-as-required wpcf7-text wpcf7-validates-as-email\" autocomplete=\"email\" aria-required=\"true\" aria-invalid=\"false\" value=\"\" type=\"email\" name=\"your-email\" \/><\/span> <\/label>\n<\/p>\n<p><label> Konu<br \/>\n<span class=\"wpcf7-form-control-wrap\" data-name=\"your-subject\"><input size=\"40\" maxlength=\"400\" class=\"wpcf7-form-control wpcf7-text wpcf7-validates-as-required\" aria-required=\"true\" aria-invalid=\"false\" value=\"\" type=\"text\" name=\"your-subject\" \/><\/span> <\/label>\n<\/p>\n<p><label> Mesaj\u0131n\u0131z (optional)<br \/>\n<span class=\"wpcf7-form-control-wrap\" data-name=\"your-message\"><textarea cols=\"40\" rows=\"10\" maxlength=\"2000\" class=\"wpcf7-form-control wpcf7-textarea\" aria-invalid=\"false\" name=\"your-message\"><\/textarea><\/span> <\/label>\n<\/p>\n<p><input class=\"wpcf7-form-control wpcf7-submit has-spinner\" type=\"submit\" value=\"G\u00d6NDER\" \/>\n<\/p><div class=\"wpcf7-response-output\" aria-hidden=\"true\"><\/div>\n<\/form>\n<\/div>\n[\/vc_column_inner][vc_column_inner width=&#8221;1\/2&#8243;]<div class=\"row section-heading-wrapper\">\n                            <div class=\"col-md-12 col-sm-12 text-left\">\n                                <h2 class=\"section-heading heading-alt-style\" >\u0130LET\u0130\u015e\u0130M<span class=\"heading-separator-inline after_text heading-separator  heading-separator-horizontal\"><\/span><\/h2>\n                                \n                                \n                            <\/div>\n                        <\/div><div class=\"row  sharai_khana_custom kc_2035866064\"  data-custom_style=\".kc_2035866064 .contact-info .icon-container{background:#ffce54 !important; color:#ffffff !important;}\">\n        \n                            <div class=\"col-md-12\">\n\n                                <ul class=\"contact-info\"><li class=\"square-layout \">\n                                                    <span class=\"icon-container\"><i class=\"fa fa-home\"><\/i><\/span>\n                                                    <address>Haznedar Mah. Cami sokak No: 51b 34160 G\u00fcng\u00f6ren \/ \u0130STANBUL<\/address>\n                                                <\/li><li class=\"square-layout \">\n                                                <span class=\"icon-container\"><i class=\"fa fa-phone\"><\/i><\/span>\n                                                <address>+90 (533) 616 41 00<\/address>\n                                            <\/li><li class=\"square-layout \">\n                                                    <span class=\"icon-container\"><i class=\"fa fa-envelope\"><\/i><\/span>\n                                                    <address><a href=\"mailto:analizteknikservishizmetleri@gmail.com\">analizteknikservishizmetleri@gmail.com<\/a><\/address>\n                                                <\/li><li class=\"square-layout \">\n                                                <span class=\"icon-container\"><i class=\"fa fa-globe\"><\/i><\/span>\n                                                <address><a href=\"https:\/\/www.istanbulkombicisi.com\/basaksehir\/\" target=\"_blank\">https:\/\/www.istanbulkombicisi.com\/basaksehir\/<\/a><\/address>\n                                            <\/li>\n                                <\/ul>                        \n\n                            <\/div>\n                <\/div>[vc_gmaps link=&#8221;#E-8_JTNDaWZyYW1lJTIwc3JjJTNEJTIyaHR0cHMlM0ElMkYlMkZ3d3cuZ29vZ2xlLmNvbSUyRm1hcHMlMkZlbWJlZCUzRnBiJTNEJTIxMW0xNCUyMTFtOCUyMTFtMyUyMTFkNjM2LjAyMjg5NDE4ODE3NjclMjEyZDI4Ljg3MDUyOTAwMDAwMDAwNSUyMTNkNDEuMDEyNzAzJTIxM20yJTIxMWkxMDI0JTIxMmk3NjglMjE0ZjEzLjElMjEzbTMlMjExbTIlMjExczB4MTRjYWJiMzA2NGRmM2I2ZCUyNTNBMHgzOWM0OWU4YTNkYjUxYTM1JTIxMnpTR0Y2Ym1Wa1lYSXNJRU5oYldrZ1Uyc3VJRTV2T2pVeExDQXpOREUyTUNCSHc3eHVaOE8yY21WdUw4U3djM1JoYm1KMWJBJTIxNWUxJTIxM20yJTIxMXN0ciUyMTJzdHIlMjE0djE3NjI4OTMzNTI5ODQlMjE1bTIlMjExc3RyJTIxMnN0ciUyMiUyMHdpZHRoJTNEJTIyNjAwJTIyJTIwaGVpZ2h0JTNEJTIyNDUwJTIyJTIwc3R5bGUlM0QlMjJib3JkZXIlM0EwJTNCJTIyJTIwYWxsb3dmdWxsc2NyZWVuJTNEJTIyJTIyJTIwbG9hZGluZyUzRCUyMmxhenklMjIlMjByZWZlcnJlcnBvbGljeSUzRCUyMm5vLXJlZmVycmVyLXdoZW4tZG93bmdyYWRlJTIyJTNFJTNDJTJGaWZyYW1lJTNF&#8221; css=&#8221;.vc_custom_1762893374295{margin-top: 24px !important;margin-right: 0px !important;margin-bottom: 0px !important;margin-left: 0px !important;padding-top: 0px !important;padding-right: 0px !important;padding-bottom: 0px !important;padding-left: 0px !important;}&#8221;][\/vc_column_inner][\/vc_row_inner][\/vc_column][\/vc_row]\n<\/div>","protected":false},"excerpt":{"rendered":"<p>[vc_row sharai_khana_custom_class=&#8221;section-content-block&#8221; wiz_custom_class=&#8221;section-content-block&#8221;][vc_column][vc_row_inner][vc_column_inner width=&#8221;1\/2&#8243;][\/vc_column_inner][vc_column_inner width=&#8221;1\/2&#8243;][vc_gmaps link=&#8221;#E-8_JTNDaWZyYW1lJTIwc3JjJTNEJTIyaHR0cHMlM0ElMkYlMkZ3d3cuZ29vZ2xlLmNvbSUyRm1hcHMlMkZlbWJlZCUzRnBiJTNEJTIxMW0xNCUyMTFtOCUyMTFtMyUyMTFkNjM2LjAyMjg5NDE4ODE3NjclMjEyZDI4Ljg3MDUyOTAwMDAwMDAwNSUyMTNkNDEuMDEyNzAzJTIxM20yJTIxMWkxMDI0JTIxMmk3NjglMjE0ZjEzLjElMjEzbTMlMjExbTIlMjExczB4MTRjYWJiMzA2NGRmM2I2ZCUyNTNBMHgzOWM0OWU4YTNkYjUxYTM1JTIxMnpTR0Y2Ym1Wa1lYSXNJRU5oYldrZ1Uyc3VJRTV2T2pVeExDQXpOREUyTUNCSHc3eHVaOE8yY21WdUw4U3djM1JoYm1KMWJBJTIxNWUxJTIxM20yJTIxMXN0ciUyMTJzdHIlMjE0djE3NjI4OTMzNTI5ODQlMjE1bTIlMjExc3RyJTIxMnN0ciUyMiUyMHdpZHRoJTNEJTIyNjAwJTIyJTIwaGVpZ2h0JTNEJTIyNDUwJTIyJTIwc3R5bGUlM0QlMjJib3JkZXIlM0EwJTNCJTIyJTIwYWxsb3dmdWxsc2NyZWVuJTNEJTIyJTIyJTIwbG9hZGluZyUzRCUyMmxhenklMjIlMjByZWZlcnJlcnBvbGljeSUzRCUyMm5vLXJlZmVycmVyLXdoZW4tZG93bmdyYWRlJTIyJTNFJTNDJTJGaWZyYW1lJTNF&#8221; css=&#8221;.vc_custom_1762893374295{margin-top: 24px !important;margin-right: 0px !important;margin-bottom: 0px !important;margin-left: 0px !important;padding-top: 0px !important;padding-right: 0px !important;padding-bottom: 0px !important;padding-left: 0px !important;}&#8221;][\/vc_column_inner][\/vc_row_inner][\/vc_column][\/vc_row]<\/p>\n","protected":false},"author":1,"featured_media":0,"parent":0,"menu_order":0,"comment_status":"closed","ping_status":"closed","template":"template-fullwidth.php","meta":{"om_disable_all_campaigns":false,"_monsterinsights_skip_tracking":false,"_monsterinsights_sitenote_active":false,"_monsterinsights_sitenote_note":"","_monsterinsights_sitenote_category":0,"_joinchat":[],"footnotes":""},"class_list":["post-975","page","type-page","status-publish","hentry"],"aioseo_notices":[],"_links":{"self":[{"href":"https:\/\/www.istanbulkombicisi.com\/basaksehir\/wp-json\/wp\/v2\/pages\/975","targetHints":{"allow":["GET"]}}],"collection":[{"href":"https:\/\/www.istanbulkombicisi.com\/basaksehir\/wp-json\/wp\/v2\/pages"}],"about":[{"href":"https:\/\/www.istanbulkombicisi.com\/basaksehir\/wp-json\/wp\/v2\/types\/page"}],"author":[{"embeddable":true,"href":"https:\/\/www.istanbulkombicisi.com\/basaksehir\/wp-json\/wp\/v2\/users\/1"}],"replies":[{"embeddable":true,"href":"https:\/\/www.istanbulkombicisi.com\/basaksehir\/wp-json\/wp\/v2\/comments?post=975"}],"version-history":[{"count":6,"href":"https:\/\/www.istanbulkombicisi.com\/basaksehir\/wp-json\/wp\/v2\/pages\/975\/revisions"}],"predecessor-version":[{"id":3412,"href":"https:\/\/www.istanbulkombicisi.com\/basaksehir\/wp-json\/wp\/v2\/pages\/975\/revisions\/3412"}],"wp:attachment":[{"href":"https:\/\/www.istanbulkombicisi.com\/basaksehir\/wp-json\/wp\/v2\/media?parent=975"}],"curies":[{"name":"wp","href":"https:\/\/api.w.org\/{rel}","templated":true}]}}