{"id":2662,"date":"2017-10-28T06:32:21","date_gmt":"2017-10-28T06:32:21","guid":{"rendered":"http:\/\/localhost\/wp_fixio_geekz\/?page_id=2662"},"modified":"2025-12-02T23:07:03","modified_gmt":"2025-12-02T20:07:03","slug":"hizmetlerimiz","status":"publish","type":"page","link":"https:\/\/www.istanbulkombicisi.com\/basaksehir\/hizmetlerimiz\/","title":{"rendered":"H\u0130ZMETLER\u0130M\u0130Z"},"content":{"rendered":"<div class=\"wpb-content-wrapper\">[vc_row sharai_khana_custom_class=&#8221;section-content-block&#8221;][vc_column]<div class=\"row section-heading-wrapper\">\n                            <div class=\"col-md-12 col-sm-12 text-center\">\n                                <h4 class=\"section-subheading\">Ba\u015fak\u015fehir Kombi Servisi olarak 7\/24 hizmet vermekteyiz.<\/h4>\n                                <span class=\"heading-separator heading-separator-horizontal\"><\/span>\n                                <h2 class=\"section-heading\" >KOMB\u0130 TEKN\u0130K SERV\u0130S\u0130<\/h2>\n                            <\/div>\n                        <\/div>[\/vc_column][\/vc_row][vc_row][vc_column width=&#8221;1\/2&#8243;][vc_hoverbox image=&#8221;3689&#8243; primary_title=&#8221;KOMB\u0130 SERV\u0130S\u0130&#8221; primary_title_font_container=&#8221;color:%23FFFFFF&#8221; hover_title=&#8221;KOMB\u0130 SERV\u0130S\u0130&#8221; hover_background_color=&#8221;white&#8221; use_custom_fonts_primary_title=&#8221;true&#8221;][\/vc_hoverbox][vc_column_text css=&#8221;&#8221;]<strong>Kombi Servisi<\/strong><\/p>\n<p>Ba\u015fak\u015fehir Kombi Teknik Servisi olarak, en iyi ve en h\u0131zl\u0131 kombi servis hizmeti sunuyoruz. Kombi servisi ihtiya\u00e7lar\u0131n\u0131z i\u00e7in garantili ve profesyonel hizmet veriyoruz.[\/vc_column_text][vc_hoverbox image=&#8221;3669&#8243; primary_title=&#8221;KOMB\u0130 TAM\u0130R\u0130&#8221; primary_title_font_container=&#8221;color:%23FFFFFF&#8221; hover_title=&#8221;KOMB\u0130 TAM\u0130R\u0130&#8221; hover_background_color=&#8221;white&#8221; use_custom_fonts_primary_title=&#8221;true&#8221;][\/vc_hoverbox][vc_column_text css=&#8221;&#8221;]<strong>Kombi Tamiri<\/strong><\/p>\n<p>Kombi tamiri uzman i\u015fidir. Konusunda uzman, e\u011fitimli ekibimiz ile sorunsuz bir \u015fekilde ar\u0131zas\u0131n\u0131 gidermek i\u00e7in mutlaka Ba\u015fak\u015fehir Kombi Servisi gibi i\u015fletmelerden destek almal\u0131s\u0131n\u0131z.<\/p>\n[\/vc_column_text][vc_hoverbox image=&#8221;3671&#8243; primary_title=&#8221;KOMB\u0130 BAKIMI&#8221; primary_title_font_container=&#8221;color:%23FFFFFF&#8221; hover_title=&#8221;KOMB\u0130 BAKIMI&#8221; hover_background_color=&#8221;white&#8221; use_custom_fonts_primary_title=&#8221;true&#8221;][\/vc_hoverbox][vc_column_text css=&#8221;&#8221;]<strong>Kombi Bak\u0131m\u0131<\/strong><\/p>\n<p>Kombi bak\u0131m\u0131n\u0131 her y\u0131l yapt\u0131rarak do\u011falgaz faturan\u0131zda %25\u2019e varan tasarruf elde edebilirsiniz. Randevu ve bilgi almak i\u00e7in bizi l\u00fctfen aray\u0131n\u0131z.<\/p>\n[\/vc_column_text][\/vc_column][vc_column width=&#8221;1\/2&#8243;][vc_hoverbox image=&#8221;3692&#8243; primary_title=&#8221;KOMB\u0130 MONTAJI&#8221; primary_title_font_container=&#8221;color:%23FFFFFF&#8221; hover_title=&#8221;KOMB\u0130 MONTAJI&#8221; hover_background_color=&#8221;white&#8221; use_custom_fonts_primary_title=&#8221;true&#8221;][\/vc_hoverbox][vc_column_text css=&#8221;&#8221;]<strong>Kombi Montaj\u0131<\/strong><\/p>\n<p>Eski kombiyi s\u00f6kmek ve yerine yeni bir kombi montaj\u0131n\u0131 yapt\u0131rmak i\u00e7in Ba\u015fak\u015fehir Kombi servisini arayabilirsiniz. \u00c7ok h\u0131zl\u0131 ve g\u00fcvenilir bir \u015fekilde kombinizin s\u00f6k\u00fcp takmak bizim i\u015fimizdir.<\/p>\n[\/vc_column_text][vc_hoverbox image=&#8221;3674&#8243; primary_title=&#8221;ARIZA TESP\u0130T\u0130&#8221; primary_title_font_container=&#8221;color:%23FFFFFF&#8221; hover_title=&#8221;ARIZA TESP\u0130T\u0130&#8221; hover_background_color=&#8221;white&#8221; use_custom_fonts_primary_title=&#8221;true&#8221;][\/vc_hoverbox][vc_column_text css=&#8221;&#8221;]<strong>Ar\u0131za Tespiti<\/strong><\/p>\n<p>Ar\u0131zal\u0131 kombiyi tamir ettirmeden \u00f6nce ar\u0131za tespiti yapt\u0131rarak ne kadar bedele tamir edilece\u011fini \u00f6\u011frenebilirsiniz. Kombi ar\u0131za tespiti randevu almak i\u00e7in Ba\u015fak\u015fehir Kombi Servisini araman\u0131z yeterli.<\/p>\n[\/vc_column_text][vc_hoverbox image=&#8221;3695&#8243; primary_title=&#8221;PETEK TEM\u0130ZL\u0130\u011e\u0130&#8221; primary_title_font_container=&#8221;color:%23FFFFFF&#8221; hover_title=&#8221;PETEK TEM\u0130ZL\u0130\u011e\u0130&#8221; hover_background_color=&#8221;white&#8221; use_custom_fonts_primary_title=&#8221;true&#8221;][\/vc_hoverbox][vc_column_text css=&#8221;&#8221;]<strong>Petek Temizli\u011fi<\/strong><\/p>\n<p>Eviniz \u0131s\u0131nm\u0131yorsa kirli petekleri temizlemek ve tesisatta olu\u015fan kirli suyun d\u0131\u015far\u0131 at\u0131lmas\u0131 i\u00e7in petek temizleme yapt\u0131rmal\u0131s\u0131n\u0131z. Petek temizleme bizim i\u015fimizdir.[\/vc_column_text][\/vc_column][\/vc_row][vc_row sharai_khana_custom_class=&#8221;section-content-block&#8221; css=&#8221;.vc_custom_1548741698935{background-color: #111111 !important;background-position: center !important;background-repeat: no-repeat !important;background-size: cover !important;}&#8221; el_class=&#8221;section-content-block-minimal&#8221;][vc_column]<div class=\"text-center cta-layout-1\">\n                                <div class=\"content\">\n                                    \n<h2>Kombiniz ile ilgili bir sorununuz mu var? Bizimle ileti\u015fime ge\u00e7mekten \u00e7ekinmeyin.<\/h2>\n\n                                <\/div>\n                               \n                                    <a href=\"https:\/\/www.istanbulkombicisi.com\/basaksehir\/iletisim\/\" title=\"\u0130LET\u0130\u015e\u0130M\"   class=\"btn btn-theme btn btn-theme btn-square\">\u0130LET\u0130\u015e\u0130M<\/a>\n                               \n                            <\/div>[\/vc_column][\/vc_row][vc_row sharai_khana_custom_class=&#8221;section-content-block&#8221; css=&#8221;.vc_custom_1515826735374{background-color: #edf0f2 !important;}&#8221;][vc_column]<div class=\"row section-heading-wrapper\">\n                            <div class=\"col-md-12 col-sm-12 text-center\">\n                                <h4 class=\"section-subheading\">Uzman Ekibimizle Ba\u015fak\u015fehir Kombi Servisi olarak t\u00fcm marka ve modellerin tamir, bak\u0131m, onar\u0131m i\u015flerini yapmaktay\u0131z.<\/h4>\n                                <span class=\"heading-separator heading-separator-horizontal\"><\/span>\n                                <h2 class=\"section-heading\" >H\u0130ZMET VERD\u0130\u011e\u0130M\u0130Z MARKALAR<\/h2>\n                            <\/div>\n                        <\/div><div class=\"item_6 row \" ><div class=\"logo-items logo-layout-1 logo-carousel owl-carousel text-center\" data-carousel=\"1\" data-items=\"6\" data-nav=\"true\" data-dots=\"true\" data-autoplay=\"true\" data-autoplaytimeout=\"30000\"><div class=\"col-xs-12 col-sm-2 col-md-2 col-lg-2 logo-container \">\n                                <div class=\"client-logo \">\n                                    <img loading=\"lazy\" decoding=\"async\" width=\"131\" height=\"81\" src=\"https:\/\/www.istanbulkombicisi.com\/basaksehir\/wp-content\/uploads\/sites\/7\/2025\/11\/airfel.jpg\" class=\"attachment-full size-full\" alt=\"\" \/>\n                                <\/div>\n                            <\/div> <div class=\"col-xs-12 col-sm-2 col-md-2 col-lg-2 logo-container \">\n                                <div class=\"client-logo \">\n                                    <img loading=\"lazy\" decoding=\"async\" width=\"131\" height=\"81\" src=\"https:\/\/www.istanbulkombicisi.com\/basaksehir\/wp-content\/uploads\/sites\/7\/2025\/11\/arcelik.jpg\" class=\"attachment-full size-full\" alt=\"\" \/>\n                                <\/div>\n                            <\/div> <div class=\"col-xs-12 col-sm-2 col-md-2 col-lg-2 logo-container \">\n                                <div class=\"client-logo \">\n                                    <img loading=\"lazy\" decoding=\"async\" width=\"131\" height=\"81\" src=\"https:\/\/www.istanbulkombicisi.com\/basaksehir\/wp-content\/uploads\/sites\/7\/2025\/11\/baymak.jpg\" class=\"attachment-full size-full\" alt=\"\" \/>\n                                <\/div>\n                            <\/div> <div class=\"col-xs-12 col-sm-2 col-md-2 col-lg-2 logo-container \">\n                                <div class=\"client-logo \">\n                                    <img loading=\"lazy\" decoding=\"async\" width=\"131\" height=\"81\" src=\"https:\/\/www.istanbulkombicisi.com\/basaksehir\/wp-content\/uploads\/sites\/7\/2025\/11\/bosch.jpg\" class=\"attachment-full size-full\" alt=\"\" \/>\n                                <\/div>\n                            <\/div> <div class=\"col-xs-12 col-sm-2 col-md-2 col-lg-2 logo-container \">\n                                <div class=\"client-logo \">\n                                    <img loading=\"lazy\" decoding=\"async\" width=\"131\" height=\"81\" src=\"https:\/\/www.istanbulkombicisi.com\/basaksehir\/wp-content\/uploads\/sites\/7\/2025\/11\/buderus.jpg\" class=\"attachment-full size-full\" alt=\"\" \/>\n                                <\/div>\n                            <\/div> <div class=\"col-xs-12 col-sm-2 col-md-2 col-lg-2 logo-container \">\n                                <div class=\"client-logo \">\n                                    <img loading=\"lazy\" decoding=\"async\" width=\"131\" height=\"81\" src=\"https:\/\/www.istanbulkombicisi.com\/basaksehir\/wp-content\/uploads\/sites\/7\/2025\/11\/demirdokum.jpg\" class=\"attachment-full size-full\" alt=\"\" \/>\n                                <\/div>\n                            <\/div> <div class=\"col-xs-12 col-sm-2 col-md-2 col-lg-2 logo-container \">\n                                <div class=\"client-logo \">\n                                    <img loading=\"lazy\" decoding=\"async\" width=\"131\" height=\"81\" src=\"https:\/\/www.istanbulkombicisi.com\/basaksehir\/wp-content\/uploads\/sites\/7\/2025\/11\/eca.jpg\" class=\"attachment-full size-full\" alt=\"\" \/>\n                                <\/div>\n                            <\/div> <div class=\"col-xs-12 col-sm-2 col-md-2 col-lg-2 logo-container \">\n                                <div class=\"client-logo \">\n                                    <img loading=\"lazy\" decoding=\"async\" width=\"131\" height=\"81\" src=\"https:\/\/www.istanbulkombicisi.com\/basaksehir\/wp-content\/uploads\/sites\/7\/2025\/11\/ferroli.jpg\" class=\"attachment-full size-full\" alt=\"\" \/>\n                                <\/div>\n                            <\/div> <div class=\"col-xs-12 col-sm-2 col-md-2 col-lg-2 logo-container \">\n                                <div class=\"client-logo \">\n                                    <img loading=\"lazy\" decoding=\"async\" width=\"131\" height=\"81\" src=\"https:\/\/www.istanbulkombicisi.com\/basaksehir\/wp-content\/uploads\/sites\/7\/2025\/11\/protherm.jpg\" class=\"attachment-full size-full\" alt=\"\" \/>\n                                <\/div>\n                            <\/div> <div class=\"col-xs-12 col-sm-2 col-md-2 col-lg-2 logo-container \">\n                                <div class=\"client-logo \">\n                                    <img loading=\"lazy\" decoding=\"async\" width=\"131\" height=\"81\" src=\"https:\/\/www.istanbulkombicisi.com\/basaksehir\/wp-content\/uploads\/sites\/7\/2025\/11\/vaillant.jpg\" class=\"attachment-full size-full\" alt=\"\" \/>\n                                <\/div>\n                            <\/div> <div class=\"col-xs-12 col-sm-2 col-md-2 col-lg-2 logo-container \">\n                                <div class=\"client-logo \">\n                                    <img loading=\"lazy\" decoding=\"async\" width=\"131\" height=\"81\" src=\"https:\/\/www.istanbulkombicisi.com\/basaksehir\/wp-content\/uploads\/sites\/7\/2025\/11\/viessmann.jpg\" class=\"attachment-full size-full\" alt=\"\" \/>\n                                <\/div>\n                            <\/div> <\/div><\/div>[\/vc_column][\/vc_row]\n<\/div>","protected":false},"excerpt":{"rendered":"<p>[vc_row sharai_khana_custom_class=&#8221;section-content-block&#8221;][vc_column][\/vc_column][\/vc_row][vc_row][vc_column width=&#8221;1\/2&#8243;][vc_hoverbox image=&#8221;3689&#8243; primary_title=&#8221;KOMB\u0130 SERV\u0130S\u0130&#8221; primary_title_font_container=&#8221;color:%23FFFFFF&#8221; hover_title=&#8221;KOMB\u0130 SERV\u0130S\u0130&#8221; hover_background_color=&#8221;white&#8221; use_custom_fonts_primary_title=&#8221;true&#8221;][\/vc_hoverbox][vc_column_text css=&#8221;&#8221;]Kombi Servisi Ba\u015fak\u015fehir Kombi Teknik Servisi olarak, en iyi ve en h\u0131zl\u0131 kombi servis hizmeti sunuyoruz. Kombi servisi ihtiya\u00e7lar\u0131n\u0131z i\u00e7in garantili ve profesyonel hizmet veriyoruz.[\/vc_column_text][vc_hoverbox image=&#8221;3669&#8243; primary_title=&#8221;KOMB\u0130 TAM\u0130R\u0130&#8221; primary_title_font_container=&#8221;color:%23FFFFFF&#8221; hover_title=&#8221;KOMB\u0130 TAM\u0130R\u0130&#8221; hover_background_color=&#8221;white&#8221; use_custom_fonts_primary_title=&#8221;true&#8221;][\/vc_hoverbox][vc_column_text css=&#8221;&#8221;]Kombi Tamiri Kombi tamiri uzman i\u015fidir. Konusunda uzman, e\u011fitimli ekibimiz ile [&hellip;]<\/p>\n","protected":false},"author":1,"featured_media":0,"parent":0,"menu_order":0,"comment_status":"closed","ping_status":"closed","template":"template-fullwidth.php","meta":{"om_disable_all_campaigns":false,"_monsterinsights_skip_tracking":false,"_monsterinsights_sitenote_active":false,"_monsterinsights_sitenote_note":"","_monsterinsights_sitenote_category":0,"_joinchat":[],"footnotes":""},"class_list":["post-2662","page","type-page","status-publish","hentry"],"aioseo_notices":[],"_links":{"self":[{"href":"https:\/\/www.istanbulkombicisi.com\/basaksehir\/wp-json\/wp\/v2\/pages\/2662","targetHints":{"allow":["GET"]}}],"collection":[{"href":"https:\/\/www.istanbulkombicisi.com\/basaksehir\/wp-json\/wp\/v2\/pages"}],"about":[{"href":"https:\/\/www.istanbulkombicisi.com\/basaksehir\/wp-json\/wp\/v2\/types\/page"}],"author":[{"embeddable":true,"href":"https:\/\/www.istanbulkombicisi.com\/basaksehir\/wp-json\/wp\/v2\/users\/1"}],"replies":[{"embeddable":true,"href":"https:\/\/www.istanbulkombicisi.com\/basaksehir\/wp-json\/wp\/v2\/comments?post=2662"}],"version-history":[{"count":21,"href":"https:\/\/www.istanbulkombicisi.com\/basaksehir\/wp-json\/wp\/v2\/pages\/2662\/revisions"}],"predecessor-version":[{"id":3810,"href":"https:\/\/www.istanbulkombicisi.com\/basaksehir\/wp-json\/wp\/v2\/pages\/2662\/revisions\/3810"}],"wp:attachment":[{"href":"https:\/\/www.istanbulkombicisi.com\/basaksehir\/wp-json\/wp\/v2\/media?parent=2662"}],"curies":[{"name":"wp","href":"https:\/\/api.w.org\/{rel}","templated":true}]}}